{"id":1116,"date":"2021-01-29T15:27:20","date_gmt":"2021-01-29T14:27:20","guid":{"rendered":"https:\/\/dielaufwerkstatt.de\/?page_id=1116"},"modified":"2021-11-22T20:39:08","modified_gmt":"2021-11-22T19:39:08","slug":"ueber-uns","status":"publish","type":"page","link":"https:\/\/dielaufwerkstatt.de\/index.php\/ueber-uns\/","title":{"rendered":"\u00dcber uns"},"content":{"rendered":"\t\t<div data-elementor-type=\"wp-page\" data-elementor-id=\"1116\" class=\"elementor elementor-1116\">\n\t\t\t\t\t\t<div class=\"elementor-inner\">\n\t\t\t\t<div class=\"elementor-section-wrap\">\n\t\t\t\t\t\t\t\t\t<section class=\"elementor-section elementor-top-section elementor-element elementor-element-a0f2ccd elementor-section-boxed elementor-section-height-default elementor-section-height-default\" data-id=\"a0f2ccd\" data-element_type=\"section\">\n\t\t\t\t\t\t<div class=\"elementor-container elementor-column-gap-default\">\n\t\t\t\t\t\t\t<div class=\"elementor-row\">\n\t\t\t\t\t<div class=\"elementor-column elementor-col-100 elementor-top-column elementor-element elementor-element-9f04491\" data-id=\"9f04491\" data-element_type=\"column\">\n\t\t\t<div class=\"elementor-column-wrap elementor-element-populated\">\n\t\t\t\t\t\t\t<div class=\"elementor-widget-wrap\">\n\t\t\t\t\t\t<div class=\"elementor-element elementor-element-d5b22fd elementor-widget elementor-widget-heading\" data-id=\"d5b22fd\" data-element_type=\"widget\" data-widget_type=\"heading.default\">\n\t\t\t\t<div class=\"elementor-widget-container\">\n\t\t\t<h2 class=\"elementor-heading-title elementor-size-default\">WAS BIETET DIE LAUFWERKSTATT<\/h2>\t\t<\/div>\n\t\t\t\t<\/div>\n\t\t\t\t<div class=\"elementor-element elementor-element-8135932 elementor-widget-divider--view-line elementor-widget elementor-widget-divider\" data-id=\"8135932\" data-element_type=\"widget\" data-widget_type=\"divider.default\">\n\t\t\t\t<div class=\"elementor-widget-container\">\n\t\t\t\t\t<div class=\"elementor-divider\">\n\t\t\t<span class=\"elementor-divider-separator\">\n\t\t\t\t\t\t<\/span>\n\t\t<\/div>\n\t\t\t\t<\/div>\n\t\t\t\t<\/div>\n\t\t\t\t<div class=\"elementor-element elementor-element-161eff7 elementor-widget elementor-widget-text-editor\" data-id=\"161eff7\" data-element_type=\"widget\" data-widget_type=\"text-editor.default\">\n\t\t\t\t<div class=\"elementor-widget-container\">\n\t\t\t\t\t\t\t\t<div class=\"elementor-text-editor elementor-clearfix\">\n\t\t\t\t<p>Die Laufwerkstatt ist DIE Anlaufstelle f\u00fcr Laufbegeisterte in Bad T\u00f6lz.<\/p><p>Was uns auszeichnet ist die individuelle, hochwertige Beratung zu allen Fragestellungen rund um das Thema Laufen und die M\u00f6glichkeit des Austausches mit dem erfahrenen Triathleten und Laufexperten Joachim W\u00f6hrle in ausgefallener Werkstattatmosph\u00e4re.<\/p><p>Ob Du Laufeinsteiger bist, ambitionierter L\u00e4ufer oder Leistungssportler, unerl\u00e4sslich f\u00fcr die Freude am Laufen und den Erfolg ist der richtige Schuh. Genauso individuell wie der Bewegungsablauf eines jeden L\u00e4ufers ist, so individuell sind die Anforderungen an den Schuh. Nur wenn dieser richtig ausgew\u00e4hlt wurde, wird der \u00dcberlastung von Sehnen, B\u00e4ndern und Gelenken vorgebeugt und damit die Freude am Laufen und der Erfolg gesichert.<\/p><p>Zu einer guten Laufschuhberatung geh\u00f6rt heute eine video- und computergest\u00fctzte Analyse. Wir nutzen hierf\u00fcr das Analysesystem von currex, dem Hamburger Unternehmen, das u.a. spezialisiert ist auf Software- und Messsysteme sowie Komplettanlagen zur orthop\u00e4dischen Biometrie.<\/p>\t\t\t\t\t<\/div>\n\t\t\t\t\t\t<\/div>\n\t\t\t\t<\/div>\n\t\t\t\t\t\t<\/div>\n\t\t\t\t\t<\/div>\n\t\t<\/div>\n\t\t\t\t\t\t\t\t<\/div>\n\t\t\t\t\t<\/div>\n\t\t<\/section>\n\t\t\t\t<section class=\"elementor-section elementor-top-section elementor-element elementor-element-461109b elementor-section-boxed elementor-section-height-default elementor-section-height-default\" data-id=\"461109b\" data-element_type=\"section\">\n\t\t\t\t\t\t<div class=\"elementor-container elementor-column-gap-default\">\n\t\t\t\t\t\t\t<div class=\"elementor-row\">\n\t\t\t\t\t<div class=\"elementor-column elementor-col-100 elementor-top-column elementor-element elementor-element-115a77b\" data-id=\"115a77b\" data-element_type=\"column\">\n\t\t\t<div class=\"elementor-column-wrap elementor-element-populated\">\n\t\t\t\t\t\t\t<div class=\"elementor-widget-wrap\">\n\t\t\t\t\t\t<div class=\"elementor-element elementor-element-27bdb76 elementor-widget elementor-widget-spacer\" data-id=\"27bdb76\" data-element_type=\"widget\" data-widget_type=\"spacer.default\">\n\t\t\t\t<div class=\"elementor-widget-container\">\n\t\t\t\t\t<div class=\"elementor-spacer\">\n\t\t\t<div class=\"elementor-spacer-inner\"><\/div>\n\t\t<\/div>\n\t\t\t\t<\/div>\n\t\t\t\t<\/div>\n\t\t\t\t<div class=\"elementor-element elementor-element-69ac107 elementor-widget elementor-widget-heading\" data-id=\"69ac107\" data-element_type=\"widget\" data-widget_type=\"heading.default\">\n\t\t\t\t<div class=\"elementor-widget-container\">\n\t\t\t<h2 class=\"elementor-heading-title elementor-size-default\">DAS TEAM<\/h2>\t\t<\/div>\n\t\t\t\t<\/div>\n\t\t\t\t<div class=\"elementor-element elementor-element-3878948 elementor-widget-divider--view-line elementor-widget elementor-widget-divider\" data-id=\"3878948\" data-element_type=\"widget\" data-widget_type=\"divider.default\">\n\t\t\t\t<div class=\"elementor-widget-container\">\n\t\t\t\t\t<div class=\"elementor-divider\">\n\t\t\t<span class=\"elementor-divider-separator\">\n\t\t\t\t\t\t<\/span>\n\t\t<\/div>\n\t\t\t\t<\/div>\n\t\t\t\t<\/div>\n\t\t\t\t\t\t<\/div>\n\t\t\t\t\t<\/div>\n\t\t<\/div>\n\t\t\t\t\t\t\t\t<\/div>\n\t\t\t\t\t<\/div>\n\t\t<\/section>\n\t\t\t\t<section class=\"elementor-section elementor-top-section elementor-element elementor-element-7cb7030 elementor-section-boxed elementor-section-height-default elementor-section-height-default\" data-id=\"7cb7030\" data-element_type=\"section\">\n\t\t\t\t\t\t<div class=\"elementor-container elementor-column-gap-default\">\n\t\t\t\t\t\t\t<div class=\"elementor-row\">\n\t\t\t\t\t<div class=\"elementor-column elementor-col-33 elementor-top-column elementor-element elementor-element-6fe9ad0\" data-id=\"6fe9ad0\" data-element_type=\"column\">\n\t\t\t<div class=\"elementor-column-wrap elementor-element-populated\">\n\t\t\t\t\t\t\t<div class=\"elementor-widget-wrap\">\n\t\t\t\t\t\t<div class=\"elementor-element elementor-element-5920bdb elementor-widget elementor-widget-image\" data-id=\"5920bdb\" data-element_type=\"widget\" data-widget_type=\"image.default\">\n\t\t\t\t<div class=\"elementor-widget-container\">\n\t\t\t\t\t\t\t\t<div class=\"elementor-image\">\n\t\t\t\t\t\t\t\t\t\t\t\t<img loading=\"lazy\" decoding=\"async\" width=\"300\" height=\"300\" src=\"https:\/\/dielaufwerkstatt.de\/wp-content\/uploads\/2021\/02\/Avatar-Mann-300x300.png\" class=\"attachment-medium size-medium wp-image-1281\" alt=\"\" srcset=\"https:\/\/dielaufwerkstatt.de\/wp-content\/uploads\/2021\/02\/Avatar-Mann-300x300.png 300w, https:\/\/dielaufwerkstatt.de\/wp-content\/uploads\/2021\/02\/Avatar-Mann-150x150.png 150w, https:\/\/dielaufwerkstatt.de\/wp-content\/uploads\/2021\/02\/Avatar-Mann-768x768.png 768w, https:\/\/dielaufwerkstatt.de\/wp-content\/uploads\/2021\/02\/Avatar-Mann.png 850w\" sizes=\"auto, (max-width: 300px) 100vw, 300px\" \/>\t\t\t\t\t\t\t\t\t\t\t\t\t\t<\/div>\n\t\t\t\t\t\t<\/div>\n\t\t\t\t<\/div>\n\t\t\t\t\t\t<\/div>\n\t\t\t\t\t<\/div>\n\t\t<\/div>\n\t\t\t\t<div class=\"elementor-column elementor-col-66 elementor-top-column elementor-element elementor-element-eb91b1f\" data-id=\"eb91b1f\" data-element_type=\"column\">\n\t\t\t<div class=\"elementor-column-wrap elementor-element-populated\">\n\t\t\t\t\t\t\t<div class=\"elementor-widget-wrap\">\n\t\t\t\t\t\t<div class=\"elementor-element elementor-element-d4ca76c elementor-widget elementor-widget-text-editor\" data-id=\"d4ca76c\" data-element_type=\"widget\" data-widget_type=\"text-editor.default\">\n\t\t\t\t<div class=\"elementor-widget-container\">\n\t\t\t\t\t\t\t\t<div class=\"elementor-text-editor elementor-clearfix\">\n\t\t\t\t<p><b>Joachim W\u00f6hrle<\/b><\/p><p>Marathon Bestzeit: knapp \u00fcber 3 h<br \/>Langdistanz Bestzeit Challenge Roth: 9:50:50 h<\/p><p>Servus, ich bin der Joachim, Jahrgang 1969 und Inhaber der Laufwerkstatt. Seit vielen Jahren lebe ich im sch\u00f6nen Isarwinkel und habe eine Tochter. Urspr\u00fcnglich habe ich Bankkaufmann gelernt, wobei ich schon recht fr\u00fch einen ausgepr\u00e4gten Bewegungsdrang versp\u00fcrt habe. Meine Sportkarriere begann als unterklassiger Amateurfu\u00dfballer und damit mein erster Kontakt mit dem Bewegungsmuster des Laufens. Im Jahr 2003 hat mich dann das Triathlon Fieber gepackt und damit auch der volle Einstieg in den Laufsport. Einige Jahre habe ich so viel Erfahrung im Bereich Training und Trainingssteuerung selbst erfahren d\u00fcrfen. Nach einer Neuausrichtung 2009 habe ich 5 Jahre als Bankdozent und Personaltrainer gearbeitet. Dem Sport bin ich dennoch immer treu geblieben und habe 2011 eine Ausbildung zum C-Trainer Triathlon absolviert. Im Anschluss folgte eine laufspezifische Weiterbildung bei Dr. Marquardt (Die Laufbibel). So liefen die sportlichen Jahre erfolgreich dahin, bis im Mai 2016 die n\u00e4chste gro\u00dfe Ver\u00e4nderung bevorstand. Die Er\u00f6ffnung Der Laufwerktsatt in Bad T\u00f6lz. 2018 musste ich mich leider einer H\u00fcft-OP unterziehen, seither ist nur noch sehr eingeschr\u00e4nktes Laufen m\u00f6glich. Umso mehr motiviert mich die Arbeit in meinem Laden jeden Tag aufs Neue meine eigenen Erfahrungen und Tipps an meine sportbegeisterten Kunden weiterzugeben, dabei habe ich immer ein offenes Ohr f\u00fcr die Sorgen der Sportler. Nebenbei bin ich noch als Schwimmtrainer beim WSV in Bad T\u00f6lz t\u00e4tig, sowie als Trainer f\u00fcr mehrere Triathleten (Bestzeit als Rookie 2019 in Roth 9:53:31 h)<br \/>Ich freue mich auf euer Kommen in der Laufwerkstatt in Bad T\u00f6lz.<\/p>\t\t\t\t\t<\/div>\n\t\t\t\t\t\t<\/div>\n\t\t\t\t<\/div>\n\t\t\t\t\t\t<\/div>\n\t\t\t\t\t<\/div>\n\t\t<\/div>\n\t\t\t\t\t\t\t\t<\/div>\n\t\t\t\t\t<\/div>\n\t\t<\/section>\n\t\t\t\t<section class=\"elementor-section elementor-top-section elementor-element elementor-element-473417f elementor-section-boxed elementor-section-height-default elementor-section-height-default\" data-id=\"473417f\" data-element_type=\"section\">\n\t\t\t\t\t\t<div class=\"elementor-container elementor-column-gap-default\">\n\t\t\t\t\t\t\t<div class=\"elementor-row\">\n\t\t\t\t\t<div class=\"elementor-column elementor-col-100 elementor-top-column elementor-element elementor-element-9584d8c\" data-id=\"9584d8c\" data-element_type=\"column\">\n\t\t\t<div class=\"elementor-column-wrap elementor-element-populated\">\n\t\t\t\t\t\t\t<div class=\"elementor-widget-wrap\">\n\t\t\t\t\t\t<div class=\"elementor-element elementor-element-b9665ed elementor-widget-divider--view-line elementor-widget elementor-widget-divider\" data-id=\"b9665ed\" data-element_type=\"widget\" data-widget_type=\"divider.default\">\n\t\t\t\t<div class=\"elementor-widget-container\">\n\t\t\t\t\t<div class=\"elementor-divider\">\n\t\t\t<span class=\"elementor-divider-separator\">\n\t\t\t\t\t\t<\/span>\n\t\t<\/div>\n\t\t\t\t<\/div>\n\t\t\t\t<\/div>\n\t\t\t\t\t\t<\/div>\n\t\t\t\t\t<\/div>\n\t\t<\/div>\n\t\t\t\t\t\t\t\t<\/div>\n\t\t\t\t\t<\/div>\n\t\t<\/section>\n\t\t\t\t<section class=\"elementor-section elementor-top-section elementor-element elementor-element-9869b7e elementor-section-boxed elementor-section-height-default elementor-section-height-default\" data-id=\"9869b7e\" data-element_type=\"section\">\n\t\t\t\t\t\t<div class=\"elementor-container elementor-column-gap-default\">\n\t\t\t\t\t\t\t<div class=\"elementor-row\">\n\t\t\t\t\t<div class=\"elementor-column elementor-col-33 elementor-top-column elementor-element elementor-element-3322062\" data-id=\"3322062\" data-element_type=\"column\">\n\t\t\t<div class=\"elementor-column-wrap elementor-element-populated\">\n\t\t\t\t\t\t\t<div class=\"elementor-widget-wrap\">\n\t\t\t\t\t\t<div class=\"elementor-element elementor-element-1700500 elementor-widget elementor-widget-image\" data-id=\"1700500\" data-element_type=\"widget\" data-widget_type=\"image.default\">\n\t\t\t\t<div class=\"elementor-widget-container\">\n\t\t\t\t\t\t\t\t<div class=\"elementor-image\">\n\t\t\t\t\t\t\t\t\t\t\t\t<img loading=\"lazy\" decoding=\"async\" width=\"300\" height=\"300\" src=\"https:\/\/dielaufwerkstatt.de\/wp-content\/uploads\/2021\/01\/Barbara-300-x-300-px-300x300.jpg\" class=\"attachment-medium size-medium wp-image-1225\" alt=\"\" srcset=\"https:\/\/dielaufwerkstatt.de\/wp-content\/uploads\/2021\/01\/Barbara-300-x-300-px.jpg 300w, https:\/\/dielaufwerkstatt.de\/wp-content\/uploads\/2021\/01\/Barbara-300-x-300-px-150x150.jpg 150w\" sizes=\"auto, (max-width: 300px) 100vw, 300px\" \/>\t\t\t\t\t\t\t\t\t\t\t\t\t\t<\/div>\n\t\t\t\t\t\t<\/div>\n\t\t\t\t<\/div>\n\t\t\t\t\t\t<\/div>\n\t\t\t\t\t<\/div>\n\t\t<\/div>\n\t\t\t\t<div class=\"elementor-column elementor-col-66 elementor-top-column elementor-element elementor-element-7bec2ba\" data-id=\"7bec2ba\" data-element_type=\"column\">\n\t\t\t<div class=\"elementor-column-wrap elementor-element-populated\">\n\t\t\t\t\t\t\t<div class=\"elementor-widget-wrap\">\n\t\t\t\t\t\t<div class=\"elementor-element elementor-element-4241db9 elementor-widget elementor-widget-text-editor\" data-id=\"4241db9\" data-element_type=\"widget\" data-widget_type=\"text-editor.default\">\n\t\t\t\t<div class=\"elementor-widget-container\">\n\t\t\t\t\t\t\t\t<div class=\"elementor-text-editor elementor-clearfix\">\n\t\t\t\t<p><b>Barbara Rohr<\/b><\/p><p>Marathonbestzeit Berlin: 3:29 h<br \/>Langdistanz Bestzeit Challenge Roth: 10:57 h<\/p><p>Hallo, ich bin die Barbara und Mitinhaberin der Laufwerkstatt. In Bad T\u00f6lz lebe ich zusammen mit meinem Mann, einem Sohn der leidenschaftlich Handball spielt und einer Tochter die Leistungssport Triathlon betreibt. Der Sport und die Freude an der Bewegung ist bei uns in der Familie ein gro\u00dfes und wichtiges Thema. Auch deshalb steht f\u00fcr mich beruflich eine fundierte und umfassende Beratung an erster Stelle, daf\u00fcr nehme ich mir gerne viel Zeit f\u00fcr unsere Kunden. Den Laufsport betreibe ich seit \u00fcber 20 Jahre und auch dem Triathlon bin ich seit vielen Jahren verfallen. Meine gro\u00dfe Leidenschaft f\u00fcr das Laufen gebe ich unglaublich gerne weiter. Dabei liegen mir insbesondere die Neueinsteiger am Herzen, die ich mit vielen Tipps versorge. Dar\u00fcber hinaus bin ich aktives Mitglied beim WSV Bad T\u00f6lz (Athletik Trainer) sowie im Laufclub T\u00f6lzer Land.<\/p><p>Mein Lieblingsschuh(e): Grundlage: Brooks Levitate, New Balance 880, Hoka Clifton<br \/>\u00a0 \u00a0 \u00a0 \u00a0 \u00a0 \u00a0 \u00a0 \u00a0 \u00a0 \u00a0 \u00a0 \u00a0 \u00a0 \u00a0 \u00a0 \u00a0 \u00a0 \u00a0 \u00a0 \u00a0Schnelle Einheiten: New Balance 1500<br \/>Meine Lieblingsstrecke: Ellbach Runde mit Isar Stausee<\/p>\t\t\t\t\t<\/div>\n\t\t\t\t\t\t<\/div>\n\t\t\t\t<\/div>\n\t\t\t\t\t\t<\/div>\n\t\t\t\t\t<\/div>\n\t\t<\/div>\n\t\t\t\t\t\t\t\t<\/div>\n\t\t\t\t\t<\/div>\n\t\t<\/section>\n\t\t\t\t<section class=\"elementor-section elementor-top-section elementor-element elementor-element-ce797dc elementor-section-boxed elementor-section-height-default elementor-section-height-default\" data-id=\"ce797dc\" data-element_type=\"section\">\n\t\t\t\t\t\t<div class=\"elementor-container elementor-column-gap-default\">\n\t\t\t\t\t\t\t<div class=\"elementor-row\">\n\t\t\t\t\t<div class=\"elementor-column elementor-col-100 elementor-top-column elementor-element elementor-element-a22ec9a\" data-id=\"a22ec9a\" data-element_type=\"column\">\n\t\t\t<div class=\"elementor-column-wrap elementor-element-populated\">\n\t\t\t\t\t\t\t<div class=\"elementor-widget-wrap\">\n\t\t\t\t\t\t<div class=\"elementor-element elementor-element-02213cd elementor-widget-divider--view-line elementor-widget elementor-widget-divider\" data-id=\"02213cd\" data-element_type=\"widget\" data-widget_type=\"divider.default\">\n\t\t\t\t<div class=\"elementor-widget-container\">\n\t\t\t\t\t<div class=\"elementor-divider\">\n\t\t\t<span class=\"elementor-divider-separator\">\n\t\t\t\t\t\t<\/span>\n\t\t<\/div>\n\t\t\t\t<\/div>\n\t\t\t\t<\/div>\n\t\t\t\t\t\t<\/div>\n\t\t\t\t\t<\/div>\n\t\t<\/div>\n\t\t\t\t\t\t\t\t<\/div>\n\t\t\t\t\t<\/div>\n\t\t<\/section>\n\t\t\t\t<section class=\"elementor-section elementor-top-section elementor-element elementor-element-50c2cc6 elementor-section-boxed elementor-section-height-default elementor-section-height-default\" data-id=\"50c2cc6\" data-element_type=\"section\">\n\t\t\t\t\t\t<div class=\"elementor-container elementor-column-gap-default\">\n\t\t\t\t\t\t\t<div class=\"elementor-row\">\n\t\t\t\t\t<div class=\"elementor-column elementor-col-100 elementor-top-column elementor-element elementor-element-4d4633d\" data-id=\"4d4633d\" data-element_type=\"column\">\n\t\t\t<div class=\"elementor-column-wrap elementor-element-populated\">\n\t\t\t\t\t\t\t<div class=\"elementor-widget-wrap\">\n\t\t\t\t\t\t<div class=\"elementor-element elementor-element-56ea462 elementor-widget elementor-widget-spacer\" data-id=\"56ea462\" data-element_type=\"widget\" data-widget_type=\"spacer.default\">\n\t\t\t\t<div class=\"elementor-widget-container\">\n\t\t\t\t\t<div class=\"elementor-spacer\">\n\t\t\t<div class=\"elementor-spacer-inner\"><\/div>\n\t\t<\/div>\n\t\t\t\t<\/div>\n\t\t\t\t<\/div>\n\t\t\t\t<div class=\"elementor-element elementor-element-8a78812 elementor-widget elementor-widget-heading\" data-id=\"8a78812\" data-element_type=\"widget\" data-widget_type=\"heading.default\">\n\t\t\t\t<div class=\"elementor-widget-container\">\n\t\t\t<h2 class=\"elementor-heading-title elementor-size-default\">UNSER LADEN<\/h2>\t\t<\/div>\n\t\t\t\t<\/div>\n\t\t\t\t<div class=\"elementor-element elementor-element-b54c64e elementor-widget-divider--view-line elementor-widget elementor-widget-divider\" data-id=\"b54c64e\" data-element_type=\"widget\" data-widget_type=\"divider.default\">\n\t\t\t\t<div class=\"elementor-widget-container\">\n\t\t\t\t\t<div class=\"elementor-divider\">\n\t\t\t<span class=\"elementor-divider-separator\">\n\t\t\t\t\t\t<\/span>\n\t\t<\/div>\n\t\t\t\t<\/div>\n\t\t\t\t<\/div>\n\t\t\t\t\t\t<\/div>\n\t\t\t\t\t<\/div>\n\t\t<\/div>\n\t\t\t\t\t\t\t\t<\/div>\n\t\t\t\t\t<\/div>\n\t\t<\/section>\n\t\t\t\t<section class=\"elementor-section elementor-top-section elementor-element elementor-element-dbd6e34 elementor-section-boxed elementor-section-height-default elementor-section-height-default\" data-id=\"dbd6e34\" data-element_type=\"section\">\n\t\t\t\t\t\t<div class=\"elementor-container elementor-column-gap-default\">\n\t\t\t\t\t\t\t<div class=\"elementor-row\">\n\t\t\t\t\t<div class=\"elementor-column elementor-col-100 elementor-top-column elementor-element elementor-element-06d7790\" data-id=\"06d7790\" data-element_type=\"column\">\n\t\t\t<div class=\"elementor-column-wrap elementor-element-populated\">\n\t\t\t\t\t\t\t<div class=\"elementor-widget-wrap\">\n\t\t\t\t\t\t<div class=\"elementor-element elementor-element-70773b5 elementor-widget elementor-widget-html\" data-id=\"70773b5\" data-element_type=\"widget\" data-widget_type=\"html.default\">\n\t\t\t\t<div class=\"elementor-widget-container\">\n\t\t\t<iframe loading=\"lazy\" src=\"https:\/\/www.google.com\/maps\/embed?pb=!4v1611773749070!6m8!1m7!1sCAoSLEFGMVFpcE5nck1OZkp0dkNPVkppbTk5bWVKMmU2eTJOX3BqaWE5UXlSdWo0!2m2!1d47.760361962563!2d11.555727978548!3f193.04078659336653!4f-24.929861227794504!5f0.7820865974627469\" width=\"1120\" height=\"840\" frameborder=\"0\" style=\"border:0;\" allowfullscreen=\"\" aria-hidden=\"false\" tabindex=\"0\"><\/iframe>\t\t<\/div>\n\t\t\t\t<\/div>\n\t\t\t\t\t\t<\/div>\n\t\t\t\t\t<\/div>\n\t\t<\/div>\n\t\t\t\t\t\t\t\t<\/div>\n\t\t\t\t\t<\/div>\n\t\t<\/section>\n\t\t\t\t\t\t\t\t\t<\/div>\n\t\t\t<\/div>\n\t\t\t\t\t<\/div>\n\t\t","protected":false},"excerpt":{"rendered":"<p>WAS BIETET DIE LAUFWERKSTATT Die Laufwerkstatt ist DIE Anlaufstelle f\u00fcr Laufbegeisterte in Bad T\u00f6lz. Was uns auszeichnet ist die individuelle, hochwertige Beratung zu allen Fragestellungen rund um das Thema Laufen und die M\u00f6glichkeit des Austausches mit dem erfahrenen Triathleten und Laufexperten Joachim W\u00f6hrle in ausgefallener Werkstattatmosph\u00e4re. Ob Du Laufeinsteiger bist, ambitionierter L\u00e4ufer oder Leistungssportler, unerl\u00e4sslich [&hellip;]<\/p>\n","protected":false},"author":2,"featured_media":0,"parent":0,"menu_order":0,"comment_status":"closed","ping_status":"closed","template":"","meta":{"inline_featured_image":false,"footnotes":""},"class_list":["post-1116","page","type-page","status-publish","hentry","entry"],"_links":{"self":[{"href":"https:\/\/dielaufwerkstatt.de\/index.php\/wp-json\/wp\/v2\/pages\/1116","targetHints":{"allow":["GET"]}}],"collection":[{"href":"https:\/\/dielaufwerkstatt.de\/index.php\/wp-json\/wp\/v2\/pages"}],"about":[{"href":"https:\/\/dielaufwerkstatt.de\/index.php\/wp-json\/wp\/v2\/types\/page"}],"author":[{"embeddable":true,"href":"https:\/\/dielaufwerkstatt.de\/index.php\/wp-json\/wp\/v2\/users\/2"}],"replies":[{"embeddable":true,"href":"https:\/\/dielaufwerkstatt.de\/index.php\/wp-json\/wp\/v2\/comments?post=1116"}],"version-history":[{"count":66,"href":"https:\/\/dielaufwerkstatt.de\/index.php\/wp-json\/wp\/v2\/pages\/1116\/revisions"}],"predecessor-version":[{"id":1512,"href":"https:\/\/dielaufwerkstatt.de\/index.php\/wp-json\/wp\/v2\/pages\/1116\/revisions\/1512"}],"wp:attachment":[{"href":"https:\/\/dielaufwerkstatt.de\/index.php\/wp-json\/wp\/v2\/media?parent=1116"}],"curies":[{"name":"wp","href":"https:\/\/api.w.org\/{rel}","templated":true}]}}